 c be h(0). What is the highest common divisor of c and k?
18
Let w be ((-2448)/(-14))/((-404)/(-4242)). Calculate the highest common divisor of w and 108.
108
Suppose 84 = -77*m + 89*m. Let h be -2 + -3*(-14)/6. Suppose h*g - 2 = 3*g. What is the greatest common divisor of g and m?
1
Let s(u) = u**2 - 16*u - 19. Let p be s(19). Let g = p + -64. Let k = 41 + g. What is the highest common divisor of 45 and k?
15
Let o be 24 - 3982/165 - (-154)/30. Let l = 25 + -15. Calculate the highest common factor of l and o.
5
Let c(h) = 12*h**2 + 15*h - 2. Let d be c(7). Let v = 799 - d. Calculate the highest common divisor of 54 and v.
54
Let q(j) = j**2 + 36*j + 184. Let t be q(-6). Suppose -4*a - r + 383 = 0, 0*a - 388 = -4*a + t*r. Calculate the highest common divisor of a and 32.
32
Let a be (-16 - -4)*(-1)/3. Suppose j - 402 = -3*f - 104, j + 402 = a*f. What is the greatest common divisor of f and 30?
10
Let h(c) = -c**3 + 2*c**2 + 61*c + 3. Let f be h(0). Suppose 3*m = 105 + 99. Suppose -m = -o - f*o. Calculate the greatest common divisor of o and 153.
17
Let p be (-31)/(0 + (-4)/(-44)). Let d be 2 - (p - 1)/9. What is the highest common factor of d and 180?
20
Let y(i) = -13*i**3 + 9*i**2 + 42*i + 23. Let k be y(-2). Calculate the highest common divisor of k and 2291.
79
Suppose 3*u + 0*u + 5*d - 301 = 0, -3*u - 4*d = -305. Let g = -99 + u. Suppose 3*r + 3*i = -2*r + 360, 0 = -5*i. What is the greatest common factor of g and r?
8
Let w be -2*(-9)/(-6) - (-70 - 1). Suppose 0 = -72*m + w*m + 4*y + 440, -m + 112 = y. What is the greatest common divisor of m and 3?
3
Let l = -1 - -4. Suppose 3*i = -l*w + 2*w + 91, -5*w = 2*i - 78. Suppose 532 - 3614 - 746 = -22*d. What is the highest common factor of d and i?
29
Let g(c) = c**3 + 5*c**2 + 4. Let o be g(-5). Suppose -o*z = -9*z. Let s(i) = 5*i + 8. Let w be s(z). What is the highest common divisor of w and 8?
8
Suppose -2*s + 2*c = -26, -4*s - c - c + 40 = 0. Suppose -s - 45 = -b. Calculate the greatest common divisor of 42 and b.
14
Let s(w) = 5*w**2 - 13*w + 92. Let y be s(8). Let p = -212 + y. Let b be 4/(((-10)/12)/(-5)). Calculate the highest common factor of p and b.
24
Let j be 7/(-2) - -13*(-14)/364. Let u(i) = -37*i - 138. Let r be u(j). Let z = 126 - 46. Calculate the greatest common divisor of z and r.
10
Suppose -8*n = 1925 + 27. Let g = 352 + n. What is the highest common divisor of 12 and g?
12
Suppose 0 = 2*n - 0*n - 64. Let j = -8 + n. Let v be ((-66)/j)/(-11) + 86/8. Calculate the highest common divisor of v and 55.
11
Let a be (260/35)/(-2) + 6/(-21). Let y be (a + (-31)/2)/((-2)/24). What is the highest common factor of y and 52?
26
Let r be -123 - (1 - (-8)/((-4)/(-1))). Let i be (r/15)/(2/10). Let t = 58 + i. Calculate the greatest common divisor of 40 and t.
8
Let i(p) = -159*p - 1352 + 1357 + 37*p. Let o be i(-4). What is the greatest common factor of 17 and o?
17
Let m(y) = 4 + 1 + 31 + 0 - 2*y. Let q be m(21). Let l be ((-20)/q)/(6/54). Calculate the greatest common divisor of l and 12.
6
Suppose -4*z + 24129 + 1066 = -3189. What is the greatest common factor of z and 16?
8
Let u(h) = -220*h**2 + 672*h - 6. Let m be u(3). Let l = 69 + 41. Calculate the greatest common divisor of m and l.
10
Let b = 3379 - 3262. Let u(n) = -n**3 - 3*n**2 + 2. Let p be u(-3). Let k be (4/(-12))/(p/(-78)). What is the highest common factor of b and k?
13
Let p(a) = 2*a**2 + 426*a - 4712. Let z be p(11). Calculate the highest common factor of 8712 and z.
72
Let v be (14 - 12) + ((-68)/85)/((-2)/5). Let c(h) = -h**2 + 4*h - 3. Let r be c(2). Let s be -2 - (0 - r - 2). What is the greatest common divisor of s and v?
1
Let u(i) = 10*i**2 + i - 8. Let y be u(-6). Let g(m) = -m**2 + 14*m - 17. Let j be g(20). Let h = j + y. Calculate the highest common divisor of 19 and h.
19
Let t(m) = -m**2 + 640*m + 2449. Let p be t(0). What is the greatest common divisor of 632 and p?
79
Let k(f) = -f - 10. Let u be k(-12). Let q be 2 + u - -7*3. Suppose 1 + q = x. What is the greatest common divisor of 2 and x?
2
Let y(p) = -p**3 - 3*p + 5. Let l be y(2). Let t be (-272)/l - (-5 + 188/36). Suppose 6*j - t = -4*j. What is the greatest common divisor of j and 1?
1
Suppose -411*b = -409*b - 14. Calculate the highest common divisor of 113 and b.
1
Let q = 3071 + -2889. Suppose 5*m - 78 = 2*m. What is the greatest common divisor of q and m?
26
Let d(s) = -12*s**2 + 2*s - 16. Let o be d(-6). Let g = o - -469. Calculate the highest common divisor of 4 and g.
1
Let c be 3/((396/(-20898))/(-22)). Calculate the greatest common divisor of 243 and c.
81
Let k(x) = 4*x**2 + 3*x + 33. Let l be k(-6). Let d = l - 75. What is the highest common divisor of d and 63?
21
Let o = -3395 + 3450. What is the greatest common factor of o and 5555?
55
Let z be ((-4)/10)/(12/(-856530)). Calculate the highest common divisor of 614 and z.
307
Let l(v) = v**3 + 3*v**2 - 1. Let g be l(1). Suppose -q - 5*b - 179 = 0, -b = g*b - 16. Let x = q - -367. Calculate the highest common divisor of 21 and x.
21
Let n = -58 - -61. Suppose -7*r = n*r + 460. Let l = -32 - r. What is the greatest common divisor of 35 and l?
7
Let h = 1 - -33. Suppose -5*m + h = -21. Suppose 5*r + 1320 = m*r. Calculate the greatest common factor of r and 44.
44
Suppose 0 = 12*c - 16*c - 5*o + 8138, 2*o = 2*c - 4078. What is the greatest common factor of c and 42?
21
Suppose 3*g = 3*y - 5*y + 658, g - 326 = -y. Suppose 30 + 50 = 2*s. Calculate the highest common factor of y and s.
40
Suppose 0 = 6*y - 0*y - 7*y. Suppose y = k - 222 + 208. Calculate the highest common divisor of 658 and k.
14
Suppose 0 = -2*l - 24*l - 52. Let r be (-8)/(-3)*-30*1/l. Calculate the greatest common factor of 30 and r.
10
Let l = 13843 - 13785. What is the highest common divisor of l and 4814?
58
Suppose 19 = 5*i + 9, -2*a = -5*i + 6. Suppose -3*p + 42 = a*k, 3*p + 5*k = 12 + 30. Calculate the highest common factor of p and 14.
14
Suppose -44*a = -45*a + 4. Suppose 3 = a*i + 11. Let x be 227 + (i - -6) + -6. Calculate the greatest common divisor of x and 25.
25
Let q(g) = -g**3 + 2*g + 1. Let l be (-24)/32 + 27/(-12). Let o be q(l). Let c be 927/21 + (-3)/21. What is the highest common divisor of c and o?
22
Let l = -7 - -10. Let n(c) = 310*c**2 + 1545*c - 23. Let w be n(-5). Calculate the highest common factor of w and l.
1
Let i be 8 + 63/(-9) + (110/1 - 0). What is the greatest common factor of 8991 and i?
111
Suppose 288*d - 122489 = -53075 + 63066. Calculate the highest common divisor of 190 and d.
10
Suppose 28796 - 477664 - 123361 = -93*s. Calculate the highest common divisor of 231 and s.
21
Let x(a) = a**2 + 18*a - 18. Let b be x(-21). Let w be 20/b - 13672/(-18). Calculate the highest common divisor of 40 and w.
40
Let w = 11 - 5. Let r(x) = 14 - 25 + 5*x - 27. Let j be r(10). What is the highest common divisor of w and j?
6
Suppose 4*o - 144 = -4*h, 39*o - 139 = 35*o - 5*h. Let b(p) = 83*p - 1. Let m be b(1). What is the highest common divisor of o and m?
41
Suppose -2*i - 20 = -7*i. Suppose -4*z - i = 0, 2*m + 3*m + 4*z - 96 = 0. Let q be 8*((-23)/(207/72) - -9). What is the greatest common divisor of q and m?
4
Suppose 4*n + 90 = 3*q - 0*n, 2*q + 4*n - 60 = 0. What is the greatest common factor of q and 186?
6
Let s(x) = 2*x**2 + 10*x - 13. Let c be s(4). Let j = c + -2. Let t = 28 - 9. What is the highest common factor of j and t?
19
Suppose -1 = h - 13. Suppose 29*b - 9656 = h*b. Calculate the highest common divisor of 8 and b.
8
Suppose 0 = -8*b + 205 - 13. Suppose -2*r = 5*q - b - 3, 24 = r - q. What is the greatest common divisor of r and 273?
21
Suppose -26134 + 1005 = -52*i + 10179. Calculate the highest common divisor of i and 1261.
97
Let s be (-1624)/(-21) + (-2)/6 + 0. Suppose 4*r + 5*m = 81, 0 = -4*r - 2*m + 30 + 36. Calculate the highest common factor of r and s.
7
Let g be (-90)/3*(-14)/(-6 - -13). What is the highest common divisor of g and 740?
20
Let n = -4853 - -4920. Calculate the greatest common factor of 2077 and n.
67
Let i be (-5574)/(-10) - (0 - 32/20). What is the highest common factor of i and 43?
43
Suppose -4*j + 2*t = -t - 780, 20 = -5*t. Suppose 14*r = 46*r - 384. What is the highest common factor of r and j?
12
Let f(l) = 20*l**2 + 1. Let g be (4/12)/((